 is divided by 386?
384
Calculate the remainder when 137748005 is divided by 7564.
1
Calculate the remainder when 21105453 is divided by 639559.
6
What is the remainder when 58516 is divided by 9090?
3976
What is the remainder when 23956966 is divided by 185712?
118
What is the remainder when 287372 is divided by 5628?
344
Calculate the remainder when 2231920 is divided by 743965.
25
What is the remainder when 249382 is divided by 165?
67
What is the remainder when 473163 is divided by 1460?
123
What is the remainder when 5444654 is divided by 307?
9
Calculate the remainder when 39714196 is divided by 18251.
20
Calculate the remainder when 112085 is divided by 1759.
1268
Calculate the remainder when 9097577 is divided by 13.
8
Calculate the remainder when 2146422 is divided by 24958.
34
Calculate the remainder when 130113 is divided by 64591.
931
Calculate the remainder when 2103583 is divided by 7820.
3
Calculate the remainder when 23764653 is divided by 177348.
21
Calculate the remainder when 269321 is divided by 383.
72
What is the remainder when 5107076 is divided by 66?
62
What is the remainder when 758877990 is divided by 296?
294
Calculate the remainder when 982207 is divided by 33868.
35
Calculate the remainder when 442887332 is divided by 55.
52
Calculate the remainder when 207377 is divided by 1819.
11
What is the remainder when 205409 is divided by 12464?
5985
Calculate the remainder when 3723987 is divided by 226.
185
What is the remainder when 11257348 is divided by 33?
25
Calculate the remainder when 15717864 is divided by 33.
30
What is the remainder when 26707 is divided by 3951?
3001
What is the remainder when 1004457 is divided by 7412?
3837
What is the remainder when 684233 is divided by 295?
128
What is the remainder when 4359662 is divided by 1308?
98
Calculate the remainder when 65085052 is divided by 86.
80
What is the remainder when 6991 is divided by 133?
75
What is the remainder when 2741689 is divided by 685400?
89
What is the remainder when 95396390 is divided by 182?
180
What is the remainder when 1244887 is divided by 98?
91
What is the remainder when 93897 is divided by 5155?
1107
Calculate the remainder when 14315293 is divided by 740.
733
Calculate the remainder when 5431457 is divided by 1810482.
11
What is the remainder when 872733 is divided by 8391?
69
What is the remainder when 31617568 is divided by 7904392?
0
Calculate the remainder when 436470 is divided by 38.
2
What is the remainder when 834779 is divided by 75888?
11
Calculate the remainder when 96018 is divided by 30400.
4818
Calculate the remainder when 91433 is divided by 2316.
1109
Calculate the remainder when 1536534 is divided by 179.
177
Calculate the remainder when 4705480 is divided by 522831.
1
What is the remainder when 4883081 is divided by 1627692?
5
Calculate the remainder when 18989917 is divided by 117.
115
What is the remainder when 45222 is divided by 22561?
100
What is the remainder when 10995 is divided by 370?
265
What is the remainder when 20304 is divided by 19530?
774
Calculate the remainder when 461536 is divided by 105.
61
What is the remainder when 2099785 is divided by 846?
13
Calculate the remainder when 2566058 is divided by 6665.
33
What is the remainder when 208705475 is divided by 344?
331
What is the remainder when 25535 is divided by 981?
29
Calculate the remainder when 518607 is divided by 259290.
27
Calculate the remainder when 17714825 is divided by 18608.
9
Calculate the remainder when 1151317 is divided by 649.
640
Calculate the remainder when 10883 is divided by 5063.
757
Calculate the remainder when 293032 is divided by 197.
93
Calculate the remainder when 95229 is divided by 3568.
2461
What is the remainder when 9472 is divided by 1508?
424
Calculate the remainder when 1277601 is divided by 1418.
1401
What is the remainder when 6125322 is divided by 2289?
2247
Calculate the remainder when 50404 is divided by 2457.
1264
Calculate the remainder when 84753 is divided by 9448.
9169
Calculate the remainder when 808183 is divided by 192.
55
Calculate the remainder when 19286956 is divided by 16963.
25
Calculate the remainder when 292468 is divided by 2178.
616
What is the remainder when 247777760 is divided by 77?
76
What is the remainder when 257198730 is divided by 26?
22
What is the remainder when 65544699 is divided by 20?
19
Calculate the remainder when 488211 is divided by 290.
141
What is the remainder when 407521 is divided by 135804?
109
Calculate the remainder when 18120081 is divided by 237.
9
What is the remainder when 3991503 is divided by 74?
17
Calculate the remainder when 23255324 is divided by 841.
833
Calculate the remainder when 374889 is divided by 705.
534
Calculate the remainder when 87629 is divided by 21745.
649
What is the remainder when 400861 is divided by 3576?
349
What is the remainder when 2833694 is divided by 1113?
1109
Calculate the remainder when 58658733 is divided by 35062.
7
Calculate the remainder when 3210830 is divided by 184.
30
What is the remainder when 1906690 is divided by 381217?
605
What is the remainder when 108132 is divided by 27001?
128
Calculate the remainder when 54124 is divided by 1644.
1516
What is the remainder when 4207 is divided by 3906?
301
What is the remainder when 373053 is divided by 1252?
1209
What is the remainder when 3373648 is divided by 210?
208
Calculate the remainder when 928080 is divided by 3916.
3904
What is the remainder when 163484 is divided by 16225?
1234
What is the remainder when 10247991 is divided by 94?
17
Calculate the remainder when 19230391 is divided by 25.
16
Calculate the remainder when 131895984 is divided by 556.
552
Calculate the remainder when 166386 is divided by 8754.
60
What is the remainder when 746743 is divided by 14?
11
Calculate the remainder when 93099 is divided by 217.
6
Calculate the remainder when 46120775 is divided by 11.
8
Calculate the remainder when 17223 is divided by 172.
23
Calculate the remainder when 46713 is divided by 255.
48
What is the remainder when 22113364 is divided by 1228520?
4
Calculate the remainder when 13259 is divided by 2598.
269
Calculate the remainder when 5888717 is divided by 76.
9
Calculate the remainder when 26094 is divided by 12615.
864
What is the remainder when 7793406 is divided by 14?
12
What is the remainder when 616394 is divided by 88055?
9
What is the remainder when 910762 is divided by 597?
337
Calculate the remainder when 92146 is divided by 30448.
802
What is the remainder when 68486726 is divided by 41?
39
What is the remainder when 2029145 is divided by 69970?
15
What is the remainder when 22978 is divided by 592?
482
Calculate the remainder when 1179546 is divided by 262.
22
What is the remainder when 19173 is divided by 16321?
2852
Calculate the remainder when 85960 is divided by 252.
28
Calculate the remainder when 3788804 is divided by 9616.
100
Calculate the remainder when 2461897 is divided by 402.
49
What is the remainder when 170403 is divided by 2897?
2377
What is the remainder when 92406338 is divided by 46203166?
6
Calculate the remainder when 442992 is divided by 110665.
332
Calculate the remainder when 1143 is divided by 139.
31
Calculate the remainder when 1561700 is divided by 77.
63
What is the remainder when 688149 is divided by 61?
8
What is the remainder when 3408806 is divided by 692?
14
What is the remainder when 31277498 is divided by 125?
123
Calculate the remainder when 8729925 is divided by 4173.
9
What is the remainder when 822587 is divided by 503?
182
What is the remainder when 4394810 is divided by 21?
14
What is the remainder when 148767 is divided by 7423?
307
What is the remainder when 3275622 is divided by 687?
6
Calculate the remainder when 2999795 is divided by 279.
266
Calculate the remainder when 8221174 is divided by 2740385.
19
What is the remainder when 808453 is divided by 5250?
5203
What is the remainder when 5229642 is divided by 6792?
6594
Calculate the remainder when 1517246 is divided by 9029.
374
Calculate the remainder when 88114702 is divided by 3669.
3667
Calculate the remainder when 39180 is divided by 13050.
30
Calculate the remainder when 691536 is divided by 15366.
66
Calculate the remainder when 89049 i